v = h - j. What is the highest common divisor of 32 and v?
8
Suppose -3*g - 718 = -5*j, -70*j - 4*g = -73*j + 433. What is the highest common divisor of 520 and j?
13
Let s(v) be the first derivative of -v**4/4 + 2*v**3 + v**2/2 + 2*v - 4. Let q be s(-5). Let g = -85 + q. What is the highest common factor of g and 17?
17
Let l(v) = -4*v - 22. Let c be l(-11). Let w = -56 + 298. Calculate the highest common factor of c and w.
22
Let j = -575 - -593. What is the greatest common divisor of 6 and j?
6
Let o(d) = d**3 - 4*d**2 + 7*d - 10. Let s be (-3)/(-4)*(-32)/(-6). Let n be o(s). Calculate the highest common factor of 9 and n.
9
Suppose 46 = 3*d - 104. Let m(r) = r**3 - 18*r**2 + 57*r - 380. Let k be m(16). Calculate the highest common factor of d and k.
10
Let n be (-112)/10*(-245)/98. Suppose 10*i - 5*i = 210. What is the greatest common factor of n and i?
14
Suppose 175*a - 179*a + 292 = 0. What is the greatest common factor of a and 657?
73
Let n = -515 - -152. Let l = -235 - n. Calculate the highest common divisor of l and 16.
16
Let v(l) = -l + 12. Let j be v(17). Let o(b) = -2*b - 9. Let w be o(j). What is the greatest common factor of w and 4?
1
Let p be ((-18)/(-8))/((-1)/(-4)). Suppose -5*g = -4*g + 13*g. Suppose g = -5*f + 2*f + 81. What is the greatest common divisor of f and p?
9
Suppose -p - 40 = 9*p. Let l be (-22)/p*(-3 - -11). What is the greatest common factor of l and 110?
22
Suppose 0 = -4*q + 11 + 5, -5*l - q = -114. Calculate the greatest common factor of l and 66.
22
Let m be (32/40)/(2/4210). Calculate the highest common divisor of m and 4.
4
Suppose 2986 - 36586 = -64*o. Calculate the greatest common factor of 42 and o.
21
Let f be (45/(-2))/((-1)/14). Calculate the highest common divisor of f and 63.
63
Let f(c) = c**2 - 17*c - 21. Let r be f(18). Let p = r + 20. Calculate the highest common divisor of 17 and p.
17
Let i = -358 - -370. Let a be 1*30 - (0 - 0). Calculate the greatest common divisor of a and i.
6
Let o be (-4 + 64)*(-20)/(-15). What is the greatest common divisor of o and 20?
20
Suppose -3*u = -d - 224, d + 371 = 5*u - 3*d. Let k be -2*(5/(-10) - 0). Suppose y = -0*y - k, h - 35 = 5*y. What is the highest common factor of h and u?
15
Let h be (-88)/66 - 314/(-6). Calculate the greatest common factor of h and 816.
51
Let j = 275 + -234. What is the greatest common factor of 123 and j?
41
Suppose -5*r - 4*l - 10 = 0, -2*l + 23 = 4*r - 5*l. Let t = r - 0. Calculate the greatest common factor of t and 8.
2
Let d = 3 - 0. Suppose -d*g = -0*g. Suppose -b = g, -3*b - 8 = -5*t + 7. What is the greatest common factor of 3 and t?
3
Let w = -1617 + 1901. Calculate the highest common factor of w and 8.
4
Let g(d) = -2*d**3 + 2*d + d + 3 - 4*d - d**2 + 3*d. Let x be g(-2). Let v = 28 + -6. What is the greatest common divisor of v and x?
11
Let s(j) = j**3 + 2*j**2 - 12*j - 7. Let k be s(3). What is the greatest common divisor of 750 and k?
2
Suppose -3*v - 12*n = -7*n - 32, 2*n - 38 = -4*v. Calculate the highest common factor of v and 3.
3
Suppose -4*a - 54 = -2*u - 0*u, -2*u - 4*a + 46 = 0. Calculate the highest common divisor of 25 and u.
25
Let z be 9 - 4 - -5 - -2. Calculate the highest common factor of 36 and z.
12
Suppose 4*u - u = s + 15, u = 4*s + 104. Let d = s - -30. Let h(t) = t**3 + 2*t**2 - 4*t - 2. Let y be h(-3). What is the highest common factor of y and d?
1
Suppose 4*g + 10 + 26 = 0. Let v = -4 - g. Calculate the highest common factor of v and 3.
1
Suppose 4*u = -4*u + 4144. Calculate the greatest common factor of u and 14.
14
Let p = -469 + 486. Let w = -104 - -155. Calculate the greatest common factor of w and p.
17
Suppose 8 = 2*x, -m - 4*m - 3*x + 332 = 0. Suppose -t + m = 5*z + 8, -4*z + 113 = 3*t. Let v = t - 19. What is the greatest common divisor of 36 and v?
12
Suppose -66 + 18 = 4*l + 5*x, -x = 4. Let w = -17 - l. Let q be ((-144)/(-14))/(w/(-70)). What is the greatest common divisor of q and 8?
8
Suppose -2*w + 2*q = -w - 33, -5*w = 3*q - 126. What is the greatest common factor of w and 33?
3
Let c be (-7 + -2 + 26)*56. What is the greatest common divisor of c and 56?
56
Let n(s) = s + 191. Let q be n(5). What is the greatest common factor of 28 and q?
28
Suppose -2*q + 0*q = -4. Let b be -2 + (3 - q - -2). Suppose 5*f = 2*i + 15, 11*f = 15*f - 4*i. What is the greatest common factor of f and b?
1
Let x(v) be the third derivative of -v**4/24 + 26*v**3/3 + 19*v**2. Let s be x(0). Calculate the highest common factor of s and 78.
26
Suppose 2*k = 2*q - 352, 0 = q - 5*k + 71 - 247. Let y = 89 + -45. Calculate the highest common divisor of y and q.
44
Let b = -137 - -180. Calculate the greatest common factor of 301 and b.
43
Suppose -4*b - 3*k = -556, 3*b - 4*b + 139 = 4*k. Suppose -4*p + 2*p - u = -b, 0 = -5*p - 2*u + 346. Calculate the highest common factor of p and 17.
17
Suppose 381 = -3*v + 6*v. Let l = 270 - v. Calculate the greatest common factor of 11 and l.
11
Let q be ((6 - 0) + -251)*(4 - 9). Calculate the greatest common factor of 25 and q.
25
Let w(b) = -49*b + 1. Let y be w(-1). Suppose -96 = -4*o - 5*x, 3*x - 37 = -5*o + 70. Suppose 186 = o*t - 194. What is the greatest common factor of y and t?
10
Suppose 5*y = -4*d + 282, -7 = 2*d - 3. What is the greatest common factor of y and 290?
58
Let g be (-1)/((4/12)/(-1)). Suppose 0 = -x - 4*o - 18 - 0, g*o = 2*x + 80. Let z = -16 - x. Calculate the highest common factor of z and 36.
18
Suppose 0 = 6*i - 29 - 19. Suppose -110 = -2*w + 34. Calculate the greatest common factor of i and w.
8
Let q be (4/(-6) - (-53)/3)/1. Calculate the greatest common factor of 527 and q.
17
Suppose -2*o + 5*t = -73, 9*o + 5*t = 5*o + 191. Suppose 3*b = -2*b + 20, 86 = 3*h + 5*b. Calculate the greatest common divisor of o and h.
22
Let j(b) = -b**2 - 55*b - 102. Let f be j(-10). What is the greatest common divisor of 8 and f?
4
Let x be (4 - -16) + -11 + 11. Calculate the highest common factor of x and 65.
5
Let m(k) = 6*k**2 - 31*k - 40. Let h be m(10). What is the highest common factor of h and 30?
10
Let z = 374 + -29. Calculate the greatest common divisor of 15 and z.
15
Let l = 454 - 386. What is the highest common factor of 374 and l?
34
Let m(q) = -q**2 + 2*q + 9. Let n be m(-5). Let f be 87/21 - 4 - n/14. Calculate the greatest common divisor of f and 8.
2
Let i be 8/(2/8 - 0). Let j = -325 + 165. Let k be j*((-4)/(-8) - (-2 + 3)). What is the highest common divisor of i and k?
16
Let r be 2/(-7) + 676/14. Let l = -32 + 28. Let u be l - -1 - (-17 - 2). What is the highest common divisor of r and u?
16
Suppose -4*o + c + 36 = 304, -5*c - 201 = 3*o. Let j = o + 77. Let h be (-3 - 0)/(3/(-2)). Calculate the highest common divisor of h and j.
2
Let k(m) = 5*m**3 - 2*m + 2. Let j be k(2). Let w = 29 - -16. Let z be -76*(18/w + 33/(-20)). What is the greatest common factor of z and j?
19
Let g = -113 + 269. Calculate the greatest common factor of g and 12.
12
Let p be (1 - -1)/((-20)/(-950)). Suppose -3*c + 4*c - p = m, -3*m + 273 = 3*c. Calculate the highest common factor of c and 62.
31
Let a(k) = -k**3 + 7*k**2 - 4*k - 1. Let j be a(3). Calculate the greatest common divisor of j and 1679.
23
Suppose -3*l + z - 180 = 2*l, 4*l = 3*z - 144. Let t = l - -54. Let r = -284 + 482. What is the greatest common factor of t and r?
18
Let n be ((-208)/(-28) + -4)/(4/14). Let j be (-37)/(-3) - n/(-18). Calculate the greatest common factor of 91 and j.
13
Let r be (-1166)/(-4) - (230/20 + -10). Calculate the greatest common divisor of r and 116.
58
Let w = -1416 - -1430. Calculate the highest common factor of w and 469.
7
Let l(p) = -p**3 + 31*p**2 - 69*p - 60. Let i be l(28). Calculate the highest common divisor of i and 96.
24
Let a be ((-6)/(-15))/((-1)/(-15)). Suppose -52 = 2*m - a*m. Suppose 0 = -8*b - 2*b + 260. What is the greatest common factor of m and b?
13
Let n be 62 + -5 + 4 + -1. Calculate the greatest common factor of 16 and n.
4
Suppose 0*a + l - 29 = 3*a, -30 = 2*a + 2*l. Let z = -5 - a. Let g be (1*(-18)/(-15))/((-5)/(-25)). What is the highest common factor of g and z?
6
Let v be (-4)/6*(-18)/4. Suppose 60 = -5*s + v*n, 3*s + 19 + 17 = -2*n. Let r be (3/(-2))/(s/40). Calculate the highest common factor of r and 40.
5
Let y = 1225 + -856. C